 what is -21201460 + -240?
-21202030
In base 9, what is -56 + 380005?
378838
In base 14, what is 94027a4 + 4?
94027a8
In base 7, what is 16564 - -12601?
32465
In base 13, what is 2778 + -321?
2457
In base 6, what is -3 - 1403031201?
-1403031204
In base 3, what is -10 - 102222202021200?
-102222202021210
In base 13, what is -59c98 + 2a?
-59c6b
In base 14, what is -4827 + -3b18?
-8541
In base 14, what is d + -70d131?
-70d122
In base 16, what is -e892 + 3090?
-b802
In base 11, what is 3a - -830873?
830902
In base 6, what is 21151322 + 5?
21151331
In base 12, what is -47 + 121009b?
1210054
In base 8, what is 1 - -24657414?
24657415
In base 2, what is 11010010 + 11010100100000100011110?
11010100100000111110000
In base 8, what is 0 + 635307521?
635307521
In base 8, what is 127205 - -105?
127312
In base 15, what is -11 + 42c39e?
42c38d
In base 12, what is -59424 + -25?
-59449
In base 4, what is -31 + -1300211001?
-1300211032
In base 13, what is -c2a657a2 - -2?
-c2a657a0
In base 6, what is 154240004240 - -1?
154240004241
In base 8, what is 136 - 717646?
-717510
In base 4, what is -102030311103 + -1331?
-102030313100
In base 4, what is 203 + 300130033?
300130302
In base 2, what is 101 + -1110111001001000010011?
-1110111001001000001110
In base 5, what is 4 + 22141341002?
22141341011
In base 2, what is -111 - -100001001100011110011001?
100001001100011110010010
In base 4, what is 112 + -101313001331?
-101313001213
In base 4, what is -231120113000 - 32?
-231120113032
In base 5, what is 411003 - -1212?
412220
In base 11, what is 6951 - -93a?
7790
In base 4, what is -2313 - 10203101?
-10212020
In base 14, what is b1938dac - -5?
b1938db3
In base 4, what is -330011022 - 211?
-330011233
In base 10, what is -2 - -10866894?
10866892
In base 5, what is 10 - 14041421212?
-14041421202
In base 15, what is -237854b5 - 4?
-237854b9
In base 7, what is -13 + 150456600?
150456554
In base 7, what is -13 - 114541055?
-114541101
In base 10, what is 862 - 4563?
-3701
In base 16, what is -3bf2 - 1b9?
-3dab
In base 6, what is 5151 - -23244052?
23253243
In base 3, what is 121100112022220000 - 12?
121100112022212211
In base 3, what is -1000101021121112212 + 1?
-1000101021121112211
In base 11, what is -81834210 + -1?
-81834211
In base 4, what is -3011 - -22330112?
22321101
In base 9, what is 4218 + -5375?
-1156
In base 7, what is 103255346 + 11?
103255360
In base 7, what is 1 + 1065354416?
1065354420
In base 9, what is 76 + 1265517?
1265604
In base 11, what is -3 - -2107a71?
2107a69
In base 3, what is -100 + 21122022022002110?
21122022022002010
In base 6, what is 54453124 + 135?
54453303
In base 11, what is -2629646 + -4?
-262964a
In base 14, what is 9b54 - -15?
9b69
In base 2, what is -10110 + 111011110110001100110?
111011110110001010000
In base 14, what is -24850a + -3?
-24850d
In base 9, what is -63832 - 1105?
-65037
In base 4, what is -1221 + 121323111?
121321230
In base 10, what is -1313 + 253?
-1060
In base 14, what is -10876682 - 3?
-10876685
In base 6, what is -12 - 50040112?
-50040124
In base 16, what is -43e8 - -390b?
-add
In base 15, what is -3b38cc + 6?
-3b38c6
In base 3, what is 2210 - -1020222202210?
1020222212120
In base 12, what is -121 - -407?
2a6
In base 5, what is -1 + 324041133?
324041132
In base 4, what is 20332123202 + 1312?
20332131120
In base 6, what is -230053 + -23302?
-253355
In base 16, what is d6 - e59?
-d83
In base 6, what is -21 + 103243022?
103243001
In base 5, what is -1200 - 22330244?
-22331444
In base 15, what is 2aa3ed + 27?
2aa425
In base 6, what is -15304301 + -13?
-15304314
In base 2, what is 1001000001101010110 - 10100?
1001000001101000010
In base 10, what is 0 + -123987449?
-123987449
In base 9, what is -201 + 47238?
47037
In base 13, what is 1a4ac7 - 16?
1a4ab1
In base 11, what is -179 - 649573?
-649741
In base 6, what is -3 + -35014123?
-35014130
In base 12, what is 59 + 1959a0?
195a39
In base 11, what is 5 + 52402809?
52402813
In base 14, what is -5 - -11b6767?
11b6762
In base 10, what is -89 + 2176464?
2176375
In base 3, what is 10200000001110 - -11?
10200000001121
In base 7, what is 13151 - -10301?
23452
In base 4, what is 13 - -13230033120?
13230033133
In base 16, what is 24efcf - 2d?
24efa2
In base 12, what is 622a - 99?
6151
In base 16, what is -3e2c308 - 4?
-3e2c30c
In base 14, what is -2a285d - 3?
-2a2862
In base 9, what is 305 - -176362?
176667
In base 3, what is 202 + 2122212212112010?
2122212212112212
In base 15, what is -8 - -12290d?
122905
In base 2, what is -101111010011 + -111010000011?
-1101001010110
In base 3, what is -10211 - -12121021021101?
12121021010120
In base 6, what is -21414252 + -3?
-21414255
In base 5, what is -243324 + 22402?
-220422
In base 11, what is 8404829 - 1?
8404828
In base 12, what is -11aab759 - -4?
-11aab755
In base 8, what is -4 + -2226573?
-2226577
In base 5, what is -1 - -1242240420?
1242240414
In base 16, what is 82 + d03?
d85
In base 13, what is -2a - -3554001?
3553ca4
In base 16, what is 18 - 3f2ed6?
-3f2ebe
In base 3, what is 20121022020210122 + -11?
20121022020210111
In base 2, what is 10010101 - -1000001110000?
1000100000101
In base 3, what is -121112010212 + 20202?
-121111220010
In base 12, what is 18a09 + 5?
18a12
In base 10, what is -271195 + -44?
-271239
In base 5, what is -312 - -31022010?
31021143
In base 5, what is -214 - -40011121?
40010402
In base 13, what is -2c18b30 - -4?
-2c18b29
In base 3, what is 112020 + 2022122001120?
2022122120210
In base 7, what is 36336411 + 0?
36336411
In base 10, what is 227 + -17337?
-17110
In base 11, what is 4 - -100a4777?
100a4780
In base 5, what is -3241 - 2002440?
-2011231
In base 10, what is 1829522 - -78?
1829600
In base 6, what is 13 + 2541214443?
2541214500
In base 14, what is -48b2 - -28bd?
-1dd3
In base 5, what is 1101424210 - 30?
1101424130
In base 2, what is 101110 + 10000111101101010111011?
10000111101101011101001
In base 3, what is -1222202 + 100121010122?
100112010220
In base 7, what is 102 + 16343262?
16343364
In base 6, what is -230314313 + -4?
-230314321
In base 8, what is -26 - 43625632?
-43625660
In base 9, what is 325174 + 172?
325356
In base 12, what is -786b - a1?
-7950
In base 6, what is -12121 - 213302?
-225423
In base 12, what is -7 + -144b830?
-144b837
In base 11, what is a95029a + -2?
a950298
In base 14, what is 235a9ba + 5?
235a9c1
In base 9, what is -682554432 + 1?
-682554431
In base 15, what is -432959c + -4?
-43295a1
In base 11, what is 12196 - 10286?
1a10
In base 16, what is -8 + 1cf3f9?
1cf3f1
In base 14, what is 5 + -2c449?
-2c444
In base 16, what is -2f07fe + -f?
-2f080d
In base 10, what is 2 + -4738666?
-4738664
In base 2, what is 101100101111101001101 + -1011?
101100101111101000010
In base 10, what is -4688 - 123086?
-127774
In base 8, what is -14 - 225301734?
-225301750
In base 6, what is -242 - -100442?
100200
In base 2, what is 11011000111100 - -10011010001001?
101110011000101
In base 9, what is -85535041 - -8?
-85535032
In base 5, what is 43140333030 - -10?
43140333040
In base 2, what is -110000011101111 + -10000100010011?
-1000001000000010
In base 2, what is -10000011111 + 100011010110010110?
100011000101110111
In base 15, what is 1ba27130 - 0?
1ba27130
In base 3, what is 22211120012101001 + 12?
22211120012101020
In base 8, what is -13650071 + 2?
-13650067
In base 9, what is 1363 + 255043?
256416
In base 3, what is 110012221202 + 10?
110012221212
In base 5, what is 41030200030 + -2?
41030200023
In base 14, what is 4 + -94dc3c?
-94dc38
In base 14, what is -684d + d552?
6b03
In base 5, what is -41 + 21211204?
21211113
In base 15, what is 77d - -107c?
180a
In base 7, what is 234133 - -13620?
251053
In base 8, what is -15 + -31613230?
-31613245
In base 13, what is -102180c - -2?
-102180a
In base 12, what is 391 + 172a?
1abb
In base 4, what is -20 + 2112022133?
2112022113
In base 14, what is 160781d5 - b?
160781c8
In base 6, what is 50 - 3150025?
-3145535
In base 8, what is 4467357344 - 0?
4467357344
In base 10, what is -2984 - -9684?
6700
In base 15, what is 2 + 201dd7c6?
201dd7c8
In base 10, what is -3 - 11910605?
-11910608
In base 14, what is 135a6 - -13c?
13704
In base 16, what is -5 + -1f297b9?
-1f297be
In base 4, what is -23 + 23221202210?
23221202121
In base 11, what is -5 + 24809a73?
24809a69
In base 3